 the prime factors of 262021585.
5, 7, 709, 10559
List the prime factors of 1357169634.
2, 3, 1451, 17321
What are the prime factors of 2293620165?
3, 5, 16989779
What are the prime factors of 107915586?
2, 3, 23, 781997
What are the prime factors of 16152178?
2, 7, 31, 37217
What are the prime factors of 169111407?
3, 56370469
List the prime factors of 143897319.
3, 31, 515761
List the prime factors of 53199433.
7, 7599919
List the prime factors of 61682614.
2, 7, 41, 2621
List the prime factors of 279516499.
17, 16442147
What are the prime factors of 429154039?
47, 9130937
List the prime factors of 149792296.
2, 107, 174991
What are the prime factors of 158408070?
2, 3, 5, 317, 16657
What are the prime factors of 229189319?
23, 337, 29569
What are the prime factors of 861365827?
7, 123052261
What are the prime factors of 148473986?
2, 74236993
List the prime factors of 339569879.
11, 30869989
List the prime factors of 681993543.
3, 7, 11, 19, 155387
What are the prime factors of 47315157?
3, 1741, 9059
List the prime factors of 322429445.
5, 13, 4960453
List the prime factors of 571777770.
2, 3, 5, 2819, 6761
What are the prime factors of 183894073?
11, 313, 53411
List the prime factors of 514374500.
2, 5, 1028749
What are the prime factors of 1554424232?
2, 47, 4134107
List the prime factors of 55874765.
5, 137, 81569
What are the prime factors of 5304586243?
11, 29, 67, 283, 877
List the prime factors of 896042681.
17, 52708393
List the prime factors of 218331647.
218331647
What are the prime factors of 659984592?
2, 3, 13749679
List the prime factors of 216641771.
37, 5855183
What are the prime factors of 142359580?
2, 5, 11, 79, 8191
What are the prime factors of 198449332?
2, 59, 73, 11519
List the prime factors of 46108550.
2, 5, 29, 31799
What are the prime factors of 57805588?
2, 43, 336079
What are the prime factors of 2300075566?
2, 31, 47, 541, 1459
What are the prime factors of 37358996?
2, 17, 89, 6173
List the prime factors of 180281189.
11, 16389199
What are the prime factors of 1928488121?
7, 9421, 29243
What are the prime factors of 48589044?
2, 3, 7, 578441
List the prime factors of 47445356.
2, 7, 19, 101, 883
What are the prime factors of 219123684?
2, 3, 13, 156071
List the prime factors of 8854853.
7, 1264979
List the prime factors of 4043393920.
2, 5, 6317803
List the prime factors of 1072863153.
3, 53, 2249189
What are the prime factors of 34828096?
2, 557, 977
List the prime factors of 42043562.
2, 11, 29, 65899
What are the prime factors of 230510525?
5, 7, 163, 8081
What are the prime factors of 730352202?
2, 3, 2243, 54269
List the prime factors of 14946332.
2, 17, 219799
What are the prime factors of 66615071?
59, 1033, 1093
List the prime factors of 1535094629.
1097, 1399357
What are the prime factors of 63460549?
63460549
What are the prime factors of 93492823?
47, 373, 5333
List the prime factors of 589517400.
2, 3, 5, 239, 4111
What are the prime factors of 157411939?
3583, 43933
List the prime factors of 1490247109.
13, 114634393
What are the prime factors of 37436683?
593, 63131
List the prime factors of 81264304.
2, 11, 83, 5563
List the prime factors of 3718608448.
2, 58103257
What are the prime factors of 1466300?
2, 5, 11, 31, 43
What are the prime factors of 888469194?
2, 3, 773, 191563
What are the prime factors of 4523616671?
7, 59, 10953067
List the prime factors of 254302376.
2, 499, 63703
List the prime factors of 321620262.
2, 3, 53603377
What are the prime factors of 113388829?
97, 1168957
List the prime factors of 71932808.
2, 43, 67, 3121
List the prime factors of 441974420.
2, 5, 53, 416957
List the prime factors of 724530605.
5, 31, 4674391
What are the prime factors of 524448737?
23, 1889, 12071
What are the prime factors of 586840938?
2, 3, 307, 318589
List the prime factors of 1386182.
2, 7, 99013
What are the prime factors of 243901599?
3, 81300533
What are the prime factors of 60425886?
2, 3, 347, 29023
List the prime factors of 2610106774.
2, 11, 3617, 32801
What are the prime factors of 555456330?
2, 3, 5, 11, 13, 43159
List the prime factors of 6282450963.
3, 17, 4562419
What are the prime factors of 137286199?
137286199
What are the prime factors of 156699689?
227, 3041
What are the prime factors of 283955714?
2, 7, 20282551
List the prime factors of 75230061.
3, 25076687
List the prime factors of 628895827.
7, 29, 53, 58453
List the prime factors of 10009093.
10009093
What are the prime factors of 57229622?
2, 28614811
List the prime factors of 32144644.
2, 7, 29, 31, 1277
List the prime factors of 38740761.
3, 131, 1217
List the prime factors of 64424739.
3, 21474913
What are the prime factors of 35658668?
2, 19, 469193
List the prime factors of 874437993.
3, 11, 13, 17, 2351
What are the prime factors of 261775371?
3, 11, 13, 610199
What are the prime factors of 578841364?
2, 17, 211, 40343
List the prime factors of 715270.
2, 5, 71527
What are the prime factors of 1431168059?
1431168059
What are the prime factors of 6459872395?
5, 10589, 122011
List the prime factors of 28928215.
5, 5785643
What are the prime factors of 3435264893?
3435264893
What are the prime factors of 43637879?
193, 226103
List the prime factors of 126951577.
2347, 54091
List the prime factors of 431125402.
2, 215562701
What are the prime factors of 108976167?
3, 12108463
What are the prime factors of 1742282535?
3, 5, 7, 16593167
What are the prime factors of 3725623182?
2, 3, 73, 8505989
List the prime factors of 1601114705.
5, 19, 16853839
What are the prime factors of 586010304?
2, 3, 11, 92489
List the prime factors of 3427218131.
3427218131
List the prime factors of 501191471.
11, 193, 236077
List the prime factors of 114624351.
3, 12736039
List the prime factors of 551720594.
2, 19, 743, 19541
List the prime factors of 160789245.
3, 5, 1061, 10103
List the prime factors of 1222733313.
3, 17, 269, 3301
List the prime factors of 115763010.
2, 3, 5, 11, 19, 37, 499
List the prime factors of 88064538.
2, 3, 14677423
What are the prime factors of 52346162?
2, 11, 17, 67, 2089
List the prime factors of 2051377982.
2, 1025688991
What are the prime factors of 628951325?
5, 43, 585071
List the prime factors of 4072465816.
2, 829, 614063
What are the prime factors of 731224448?
2, 1301, 4391
List the prime factors of 139299016.
2, 43, 557, 727
List the prime factors of 1393798098.
2, 3, 7, 11, 3016879
What are the prime factors of 816093745?
5, 127, 193, 6659
What are the prime factors of 2982710513?
857, 3480409
What are the prime factors of 74671925?
5, 1423, 2099
What are the prime factors of 2222065148?
2, 107, 5191741
What are the prime factors of 104906395?
5, 11, 317, 547
What are the prime factors of 616397223?
3, 13, 2111, 7487
List the prime factors of 3488735803.
7, 498390829
List the prime factors of 1004534764.
2, 233, 1077827
What are the prime factors of 74277255?
3, 5, 13, 380909
What are the prime factors of 2846719738?
2, 197, 7225177
List the prime factors of 273120361.
273120361
What are the prime factors of 121247479?
31, 83, 47123
What are the prime factors of 4202673153?
3, 7, 487, 607, 677
List the prime factors of 96363660.
2, 3, 5, 491, 3271
What are the prime factors of 67654952?
2, 89, 95021
What are the prime factors of 3047386843?
79, 38574517
List the prime factors of 3000331592.
2, 375041449
List the prime factors of 4779952500.
2, 3, 5, 637327
List the prime factors of 29174828.
2, 7293707
List the prime factors of 67458753.
3, 487, 15391
What are the prime factors of 51292422?
2, 3, 331, 8609
What are the prime factors of 277580608?
2, 541, 8017
What are the prime factors of 254409077?
13, 37, 599, 883
What are the prime factors of 48951685?
5, 9790337
What are the prime factors of 117036463?
117036463
List the prime factors of 786685654.
2, 131, 3002617
List the prime factors of 40401971.
40401971
What are the prime factors of 52248268?
2, 31, 41, 43, 239
What are the prime factors of 73295536?
2, 41, 111731
List the prime factors of 32135632.
2, 2008477
List the prime factors of 445809139.
17, 1481, 17707
List the prime factors of 54904861.
11, 139, 149, 241
What are the prime factors of 90552947?
90552947
What are the prime factors of 413366643?
3, 83, 553369
What are t